{"id":2357,"date":"2019-02-02T14:16:53","date_gmt":"2019-02-02T14:16:53","guid":{"rendered":"http:\/\/www.barbara-club.ch\/?page_id=2357"},"modified":"2019-02-02T14:16:54","modified_gmt":"2019-02-02T14:16:54","slug":"reservationsanfrage","status":"publish","type":"page","link":"https:\/\/www.barbara-club.ch\/?page_id=2357","title":{"rendered":"Reservationsanfrage"},"content":{"rendered":"\r\n<!-- START JS for Form ID: 69 -->\r\n<script type=\"text\/javascript\">\r\njQuery(document).ready(function($) {\r\n\r\n    jQuery(\"#preloader-xznvod\").fadeOut(500, function() {\r\n        jQuery(\"#ecf-form-xznvod\").fadeIn(100);\r\n    });\r\n\r\n    Ladda.bind('.ladda-button');\r\n\r\n    $(function() {\r\n\r\n        \r\n        \/* Validation *\/\r\n        $(\"#form-xznvod\").validate({\r\n            \/* Rules for form validation *\/\r\n            rules: {\r\n                name0:{required: true},text1:{required: true},email2:{required: true,email: true},text3:{required: true},text4:{required: true},text5:{required: true},message6:{required: true,minlength: 10},\r\n\r\n                            },\r\n            \/* Messages for form validation *\/\r\n            messages: {\r\n                name0:{required: \"Dieses Feld ist erforderlich\"},text1:{required: \"Dieses Feld ist erforderlich\"},email2:{required: \"Dieses Feld ist erforderlich\"},text3:{required: \"Dieses Feld ist erforderlich\"},text4:{required: \"Dieses Feld ist erforderlich\"},text5:{required: \"Dieses Feld ist erforderlich\"},message6:{required: \"Dieses Feld ist erforderlich\"}            },\r\n            \/* Do not change code below *\/\r\n            errorPlacement: function(error, element) {\r\n                error.insertAfter(element.parent());\r\n            },\r\n\r\n            submitHandler: function(form) {\r\n                                ecf_onsubmit(jQuery('.form-xznvod'));\r\n\r\n                \r\n            },\r\n\r\n            invalidHandler: function(form) {\r\n                Ladda.stopAll();\r\n            },\r\n\r\n            onkeyup: false,\r\n            onfocusout: false,\r\n            onclick: false\r\n\r\n        });\r\n    });\r\n\r\n\r\n    \/* Form Submit ( Ajax ) *\/\r\n    function ecf_onsubmit(form) {\r\n\r\n        if (form.attr('action') == '#') {\r\n\r\n            data = {};\r\n            eldat = [];\r\n            data['action'] = 'ecf_deliver_mail';\r\n            data['formid'] = '69';\r\n            data['security'] = '5c110678d7';\r\n\r\n\r\n            \r\n            jQuery('input, textarea', form).each(function(key) {\r\n\r\n                items = {};\r\n\r\n                if (typeof $(this).data('type') === 'undefined') {\r\n                    return true;\r\n                }\r\n\r\n\r\n                \r\n                items['type'] = $(this).data('type');\r\n                items['label'] = $(this).data('label');\r\n                items['value'] = this.value;\r\n                items['name'] = this.name;\r\n\r\n                eldat.push(items);\r\n\r\n            });\r\n\r\n\r\n                        data['allelmnt'] = eldat;\r\n\r\n            submitForm();\r\n\r\n            return false;\r\n\r\n        }\r\n\r\n    }\r\n\r\n    \/* Start submitForm\t *\/\r\n    function submitForm() {\r\n\r\n        jQuery.ajax({\r\n            url: 'https:\/\/www.barbara-club.ch\/wp-admin\/admin-ajax.php',\r\n            type: 'POST',\r\n            dataType: 'json',\r\n            data: data,\r\n            success: function(data) {\r\n\r\n                if (data.Ok == true) {\r\n\r\n                    $(\"#form-xznvod\").get(0).reset();\r\n\r\n                    if (data.msg == 'redirect') {\r\n                        window.location = \"http:\/\/\";\r\n                    } else {\r\n                        notifyme('Ihre Reservationsanfrage wurde erfolgreich gesendet.', 'n', 'success',\r\n                            'left middle');\r\n                    }\r\n\r\n                } else {\r\n                    notifyme(data.msg, 'n', 'error', 'left middle');\r\n                }\r\n\r\n                Ladda.stopAll();\r\n\r\n            }\r\n        });\r\n\r\n        \r\n    }\r\n\r\n\r\n    \/* Notify *\/\r\n    function notifyme(msg, b, typ, pos) {\r\n        if (b == 'n') {\r\n            b = 'cf-submittedxznvod';\r\n        } else {\r\n            b = 'atcxznvod';\r\n        }\r\n\r\n        $(\"#\" + b).gnotify(msg, {\r\n            style: \"nbootstrap\",\r\n            elementPosition: pos,\r\n            className: typ\r\n        });\r\n\r\n        msg = null;\r\n        typ = null;\r\n\r\n    }\r\n\r\n});\r\n<\/script>\r\n<!-- END JS for Form ID: 69 -->\r\n\r\n<!-- START Form Markup for Form ID: 69 -->\r\n<div id=\"preloader-xznvod\" class=\"ecfpreloader\"><\/div>\r\n<div id=\"ecf-form-xznvod\" class=\"ecf-body\">\r\n    <form method=\"post\" enctype=\"multipart\/form-data\" action=\"#\" id=\"form-xznvod\" class=\"ecf-form form-xznvod\">\r\n        <header>Angaben<\/header>        <fieldset>\r\n            <section><label class=\"label\">Vor- und Nachname<\/label><label class=\"input\"><input data-type=\"name\" data-label=\"Vor- und Nachname\" id=\"name0\" type=\"text\" name=\"name0\" placeholder=\"Max Mustermann\" \/><\/label><\/section><section><label class=\"label\">Telefonnummer<\/label><label class=\"input\"><input data-type=\"text\" data-label=\"Telefonnummer\" id=\"text1\" type=\"text\" name=\"text1\" placeholder=\"079 000 00 00\" \/><\/label><\/section><section><label class=\"label\">Email<\/label><label class=\"input\"><input data-type=\"email\" data-label=\"Email\" id=\"email2\" type=\"text\" name=\"email2\" placeholder=\"muster.hans@barbara-club.ch\" \/><\/label><\/section><section><label class=\"label\">Datum des Anlasses<\/label><label class=\"input\"><input data-type=\"text\" data-label=\"Datum des Anlasses\" id=\"text3\" type=\"text\" name=\"text3\" placeholder=\"dd.mm.jjjj\" \/><\/label><\/section><section><label class=\"label\">Zeit<\/label><label class=\"input\"><input data-type=\"text\" data-label=\"Zeit\" id=\"text4\" type=\"text\" name=\"text4\" placeholder=\"18.00 - 01.00 Uhr\" \/><\/label><\/section><section><label class=\"label\">G\u00e4steanzahl in etwa<\/label><label class=\"input\"><input data-type=\"text\" data-label=\"G\u00e4steanzahl in etwa\" id=\"text5\" type=\"text\" name=\"text5\" placeholder=\"ca. 40 Personen\" \/><\/label><\/section><section><label class=\"label\">Nachricht<\/label><label class=\"textarea\"><textarea data-type=\"message\" data-label=\"Nachricht\" id=\"message6\" name=\"message6\" rows=\"7\" placeholder=\"Beschreiben Sie uns kurz Ihr Event, Anforderungen, W\u00fcnsche damit wir uns vorbereiten k\u00f6nnen und Sie ideal beraten d\u00fcrfen.\"><\/textarea><\/label><\/section>        <\/fieldset>\r\n        <footer>\r\n            <button data-style=\"slide-down\" id=\"cf-submittedxznvod\" class=\"ecfbutton ladda-button\" type=\"submit\" name=\"cf-submittedxznvod\"><span class=\"ladda-label\">SEND<\/span><\/button>\r\n        <\/footer>\r\n    <\/form>\r\n\r\n    \r\n<\/div>\r\n<!-- END Form Markup for Form ID: 69 -->\r\n\r\n\r\n\t\t\t\t\n\r\n\t\t<style>\r\n\t\t\t.huge-it-share-buttons {\r\n\t\t\t\tborder:0px solid #0FB5D6;\r\n\t\t\t\tborder-radius:5px;\r\n\t\t\t\tbackground:#3BD8FF;\r\n\t\t\t\t\t\t\t\t\t text-align:center; \t\t\t}\r\n\r\n\t\t\t#huge-it-share-buttons-top {margin-bottom:0px;}\r\n\t\t\t#huge-it-share-buttons-bottom {margin-top:0px;}\r\n\r\n\t\t\t.huge-it-share-buttons h3 {\r\n\t\t\t\tfont-size:25px ;\r\n\t\t\t\tfont-family:Arial,Helvetica Neue,Helvetica,sans-serif;\r\n\t\t\t\tcolor:#666666;\r\n\r\n\t\t\tdisplay:block;\t\t\t\tline-height:25px ;\r\n\r\n\t\t\t\t\t\t\t\t\t text-align:center; \t\t\t}\r\n\r\n\t\t\t.huge-it-share-buttons ul {\r\n\t\t\t\t\t\t\t\t\t margin:0px auto !important;text-align:center; \t\t\t}\r\n\r\n\t\t\t.huge-it-share-buttons ul li {\r\n\t\t\t\tmargin-left:3px;\r\n\t\t\t\tmargin-right:3px;\r\n\t\t\t\tpadding:0px;\r\n\t\t\t\tborder:0px ridge #E6354C;\r\n\t\t\t\tborder-radius:11px;\r\n\t\t\t\tbackground-color:#14CC9B;\r\n\t\t\t}\r\n\r\n\t\t\t.huge-it-share-buttons ul li #backforunical2357 {\r\n\t\t\t\tborder-bottom: 0;\r\n\t\t\t\tbackground-image:url('https:\/\/www.barbara-club.ch\/wp-content\/plugins\/wp-share-buttons\/Front_end\/..\/images\/buttons.30.png');\r\n\t\t\t\twidth:30px;\r\n\t\t\t\theight:30px;\r\n\t\t\t}\r\n\r\n\t\t\t.front-shares-count {\r\n\t\t\t\tposition: absolute;\r\n\t\t\t\ttext-align: center;\r\n\t\t\t\tdisplay: block;\r\n\t\t\t}\r\n\r\n\t\t\t.shares_size20 .front-shares-count {\r\n\t\t\t\tfont-size: 10px;\r\n\t\t\t\ttop: 10px;\r\n\t\t\t\twidth: 20px;\r\n\t\t\t}\r\n\r\n\t\t\t.shares_size30 .front-shares-count {\r\n\t\t\t\tfont-size: 11px;\r\n\t\t\t\ttop: 15px;\r\n\t\t\t\twidth: 30px;\r\n\t\t\t}\r\n\r\n\t\t\t.shares_size40 .front-shares-count {\r\n\t\t\t\tfont-size: 12px;\r\n\t\t\t\ttop: 21px;\r\n\t\t\t\twidth: 40px;\r\n\t\t\t}\r\n\t\t<\/style>\r\n\t\t\r\n\t\t<div id=\"huge-it-share-buttons-top\" class=\"huge-it-share-buttons nobackground\">\r\n\t\t\t<h3>Share This:<\/h3>\r\n\t\t\t<ul class=\"huge-it-share-buttons-list \">\r\n\t\t\t\t\t\t\t\t\t<li class=\"nobackground \" >\r\n\r\n\t\t\t\t\t\t\t\t\t\t\t\t<a id=\"backforunical2357\" href=\"https:\/\/www.facebook.com\/sharer\/sharer.php?u=www.barbara-club.ch\/index.php?rest_route=%2Fwp%2Fv2%2Fpages%2F2357\"  onclick=\"javascript:void window.open('https:\/\/www.facebook.com\/sharer\/sharer.php?u=www.barbara-club.ch\/index.php?rest_route=%2Fwp%2Fv2%2Fpages%2F2357','1410949501326','width=700,height=500,toolbar=0,menubar=0,location=0,status=1,scrollbars=1,resizable=1,left=0,top=0');return false;\" style=\"background-position: -0px -120px \"><\/a>\r\n\t\t\t\t\t<\/li>\r\n\t\t\t\t\t\t\t\t\t\t<li class=\"nobackground \" >\r\n\r\n\t\t\t\t\t\t\t\t\t\t\t\t<a id=\"backforunical2357\" href=\"https:\/\/twitter.com\/share?status=www.barbara-club.ch\/index.php?rest_route=%2Fwp%2Fv2%2Fpages%2F2357&text=Reservationsanfrage\"  onclick=\"javascript:void window.open('https:\/\/twitter.com\/share?status=www.barbara-club.ch\/index.php?rest_route=%2Fwp%2Fv2%2Fpages%2F2357&text=Reservationsanfrage','1410949501326','width=700,height=500,toolbar=0,menubar=0,location=0,status=1,scrollbars=1,resizable=1,left=0,top=0');return false;\" style=\"background-position: -30px -120px \"><\/a>\r\n\t\t\t\t\t<\/li>\r\n\t\t\t\t\t\t\t\t\t\t<li class=\"none nobackground \" >\r\n\r\n\t\t\t\t\t\t\t\t\t\t\t\t<a id=\"backforunical2357\" href=\"http:\/\/www.pinterest.com\/pin\/create\/button\/?url=www.barbara-club.ch\/index.php?rest_route=%2Fwp%2Fv2%2Fpages%2F2357&media=https:\/\/www.barbara-club.ch\/wp-content\/plugins\/wp-share-buttons\/Front_end\/..\/images\/noimage.png&description=Reservationsanfrage\"  onclick=\"javascript:void window.open('http:\/\/www.pinterest.com\/pin\/create\/button\/?url=www.barbara-club.ch\/index.php?rest_route=%2Fwp%2Fv2%2Fpages%2F2357&media=https:\/\/www.barbara-club.ch\/wp-content\/plugins\/wp-share-buttons\/Front_end\/..\/images\/noimage.png&description=Reservationsanfrage','1410949501326','width=700,height=500,toolbar=0,menubar=0,location=0,status=1,scrollbars=1,resizable=1,left=0,top=0');return false;\" style=\"background-position: -60px -120px \"><\/a>\r\n\t\t\t\t\t<\/li>\r\n\t\t\t\t\t\t\t\t\t\t<li class=\"nobackground \" >\r\n\r\n\t\t\t\t\t\t\t\t\t\t\t\t<a id=\"backforunical2357\" href=\"https:\/\/plus.google.com\/share?url=www.barbara-club.ch\/index.php?rest_route=%2Fwp%2Fv2%2Fpages%2F2357\"  onclick=\"javascript:void window.open('https:\/\/plus.google.com\/share?url=www.barbara-club.ch\/index.php?rest_route=%2Fwp%2Fv2%2Fpages%2F2357','1410949501326','width=700,height=500,toolbar=0,menubar=0,location=0,status=1,scrollbars=1,resizable=1,left=0,top=0');return false;\" style=\"background-position: -90px -120px \"><\/a>\r\n\t\t\t\t\t<\/li>\r\n\t\t\t\t\t\t\t\t\t\t<li class=\"none nobackground \" >\r\n\r\n\t\t\t\t\t\t\t\t\t\t\t\t<a id=\"backforunical2357\" href=\"https:\/\/www.linkedin.com\/shareArticle?title=Reservationsanfrage&mini=true&url=https:\/\/www.barbara-club.ch\/index.php?rest_route=%2Fwp%2Fv2%2Fpages%2F2357\"  onclick=\"javascript:void window.open('https:\/\/www.linkedin.com\/shareArticle?title=Reservationsanfrage&mini=true&url=https:\/\/www.barbara-club.ch\/index.php?rest_route=%2Fwp%2Fv2%2Fpages%2F2357','1410949501326','width=700,height=500,toolbar=0,menubar=0,location=0,status=1,scrollbars=1,resizable=1,left=0,top=0');return false;\" style=\"background-position: -120px -120px \"><\/a>\r\n\t\t\t\t\t<\/li>\r\n\t\t\t\t\t\t\t\t\t\t<li class=\"none nobackground \" >\r\n\r\n\t\t\t\t\t\t\t\t\t\t\t\t<a id=\"backforunical2357\" href=\"https:\/\/www.tumblr.com\/share\/link?url=www.barbara-club.ch\/index.php?rest_route=%2Fwp%2Fv2%2Fpages%2F2357&name=Reservationsanfrage\"  onclick=\"javascript:void window.open('https:\/\/www.tumblr.com\/share\/link?url=www.barbara-club.ch\/index.php?rest_route=%2Fwp%2Fv2%2Fpages%2F2357&name=Reservationsanfrage','1410949501326','width=700,height=500,toolbar=0,menubar=0,location=0,status=1,scrollbars=1,resizable=1,left=0,top=0');return false;\" style=\"background-position: -150px -120px \"><\/a>\r\n\t\t\t\t\t<\/li>\r\n\t\t\t\t\t\t\t\t\t\t<li class=\"none nobackground \" >\r\n\r\n\t\t\t\t\t\t\t\t\t\t\t\t<a id=\"backforunical2357\" href=\"http:\/\/digg.com\/submit?phase=2&url=www.barbara-club.ch\/index.php?rest_route=%2Fwp%2Fv2%2Fpages%2F2357&title=Reservationsanfrage\"  onclick=\"javascript:void window.open('http:\/\/digg.com\/submit?phase=2&url=www.barbara-club.ch\/index.php?rest_route=%2Fwp%2Fv2%2Fpages%2F2357&title=Reservationsanfrage','1410949501326','width=700,height=500,toolbar=0,menubar=0,location=0,status=1,scrollbars=1,resizable=1,left=0,top=0');return false;\" style=\"background-position: -180px -120px \"><\/a>\r\n\t\t\t\t\t<\/li>\r\n\t\t\t\t\t\t\t\t\t\t<li class=\"none nobackground \" >\r\n\r\n\t\t\t\t\t\t\t\t\t\t\t\t<a id=\"backforunical2357\" href=\"http:\/\/www.stumbleupon.com\/submit?url=www.barbara-club.ch\/index.php?rest_route=%2Fwp%2Fv2%2Fpages%2F2357&title=Reservationsanfrage\"  onclick=\"javascript:void window.open('http:\/\/www.stumbleupon.com\/submit?url=www.barbara-club.ch\/index.php?rest_route=%2Fwp%2Fv2%2Fpages%2F2357&title=Reservationsanfrage','1410949501326','width=700,height=500,toolbar=0,menubar=0,location=0,status=1,scrollbars=1,resizable=1,left=0,top=0');return false;\" style=\"background-position: -210px -120px \"><\/a>\r\n\t\t\t\t\t<\/li>\r\n\t\t\t\t\t\t\t\t\t\t<li class=\"none nobackground \" >\r\n\r\n\t\t\t\t\t\t\t\t\t\t\t\t<a id=\"backforunical2357\" href=\"https:\/\/myspace.com\/post?l=3&u=www.barbara-club.ch\/index.php?rest_route=%2Fwp%2Fv2%2Fpages%2F2357\"  onclick=\"javascript:void window.open('https:\/\/myspace.com\/post?l=3&u=www.barbara-club.ch\/index.php?rest_route=%2Fwp%2Fv2%2Fpages%2F2357','1410949501326','width=700,height=500,toolbar=0,menubar=0,location=0,status=1,scrollbars=1,resizable=1,left=0,top=0');return false;\" style=\"background-position: -240px -120px \"><\/a>\r\n\t\t\t\t\t<\/li>\r\n\t\t\t\t\t\t\t\t\t\t<li class=\"none nobackground \" >\r\n\r\n\t\t\t\t\t\t\t\t\t\t\t\t<a id=\"backforunical2357\" href=\"http:\/\/vk.com\/share.php?url=www.barbara-club.ch\/index.php?rest_route=%2Fwp%2Fv2%2Fpages%2F2357&title=Reservationsanfrage\"  onclick=\"javascript:void window.open('http:\/\/vk.com\/share.php?url=www.barbara-club.ch\/index.php?rest_route=%2Fwp%2Fv2%2Fpages%2F2357&title=Reservationsanfrage','1410949501326','width=700,height=500,toolbar=0,menubar=0,location=0,status=1,scrollbars=1,resizable=1,left=0,top=0');return false;\" style=\"background-position: -270px -120px \"><\/a>\r\n\t\t\t\t\t<\/li>\r\n\t\t\t\t\t\t\t\t\t\t<li class=\"none nobackground \" >\r\n\r\n\t\t\t\t\t\t\t\t\t\t\t\t<a id=\"backforunical2357\" href=\"http:\/\/www.reddit.com\/submit?url=www.barbara-club.ch\/index.php?rest_route=%2Fwp%2Fv2%2Fpages%2F2357&title=Reservationsanfrage\"  onclick=\"javascript:void window.open('http:\/\/www.reddit.com\/submit?url=www.barbara-club.ch\/index.php?rest_route=%2Fwp%2Fv2%2Fpages%2F2357&title=Reservationsanfrage','1410949501326','width=700,height=500,toolbar=0,menubar=0,location=0,status=1,scrollbars=1,resizable=1,left=0,top=0');return false;\" style=\"background-position: -300px -120px \"><\/a>\r\n\t\t\t\t\t<\/li>\r\n\t\t\t\t\t\t\t\t\t\t<li class=\"none nobackground \" >\r\n\r\n\t\t\t\t\t\t\t\t\t\t\t\t<a id=\"backforunical2357\" href=\"http:\/\/www.bebo.com\/c\/share?Url=www.barbara-club.ch\/index.php?rest_route=%2Fwp%2Fv2%2Fpages%2F2357\"  onclick=\"javascript:void window.open('http:\/\/www.bebo.com\/c\/share?Url=www.barbara-club.ch\/index.php?rest_route=%2Fwp%2Fv2%2Fpages%2F2357','1410949501326','width=700,height=500,toolbar=0,menubar=0,location=0,status=1,scrollbars=1,resizable=1,left=0,top=0');return false;\" style=\"background-position: -330px -120px \"><\/a>\r\n\t\t\t\t\t<\/li>\r\n\t\t\t\t\t\t\t\t\t\t<li class=\"none nobackground \" >\r\n\r\n\t\t\t\t\t\t\t\t\t\t\t\t<a id=\"backforunical2357\" href=\"https:\/\/delicious.com\/save?v=5&noui&jump=close&url=www.barbara-club.ch\/index.php?rest_route=%2Fwp%2Fv2%2Fpages%2F2357&title=Reservationsanfrage\"  onclick=\"javascript:void window.open('https:\/\/delicious.com\/save?v=5&noui&jump=close&url=www.barbara-club.ch\/index.php?rest_route=%2Fwp%2Fv2%2Fpages%2F2357&title=Reservationsanfrage','1410949501326','width=700,height=500,toolbar=0,menubar=0,location=0,status=1,scrollbars=1,resizable=1,left=0,top=0');return false;\" style=\"background-position: -360px -120px \"><\/a>\r\n\t\t\t\t\t<\/li>\r\n\t\t\t\t\t\t\t\t\t\t<li class=\"none nobackground \" >\r\n\r\n\t\t\t\t\t\t\t\t\t\t\t\t<a id=\"backforunical2357\" href=\"http:\/\/www.odnoklassniki.ru\/dk?st.cmd=addShare&st.s=2&st.noresize=on&st._surl=www.barbara-club.ch\/index.php?rest_route=%2Fwp%2Fv2%2Fpages%2F2357\"  onclick=\"javascript:void window.open('http:\/\/www.odnoklassniki.ru\/dk?st.cmd=addShare&st.s=2&st.noresize=on&st._surl=www.barbara-club.ch\/index.php?rest_route=%2Fwp%2Fv2%2Fpages%2F2357','1410949501326','width=700,height=500,toolbar=0,menubar=0,location=0,status=1,scrollbars=1,resizable=1,left=0,top=0');return false;\" style=\"background-position: -390px -120px \"><\/a>\r\n\t\t\t\t\t<\/li>\r\n\t\t\t\t\t\t\t\t\t\t<li class=\"none nobackground \" >\r\n\r\n\t\t\t\t\t\t\t\t\t\t\t\t<a id=\"backforunical2357\" href=\"http:\/\/sns.qzone.qq.com\/cgi-bin\/qzshare\/cgi_qzshare_onekey?url=www.barbara-club.ch\/index.php?rest_route=%2Fwp%2Fv2%2Fpages%2F2357&title=Reservationsanfrage\"  onclick=\"javascript:void window.open('http:\/\/sns.qzone.qq.com\/cgi-bin\/qzshare\/cgi_qzshare_onekey?url=www.barbara-club.ch\/index.php?rest_route=%2Fwp%2Fv2%2Fpages%2F2357&title=Reservationsanfrage','1410949501326','width=700,height=500,toolbar=0,menubar=0,location=0,status=1,scrollbars=1,resizable=1,left=0,top=0');return false;\" style=\"background-position: -420px -120px \"><\/a>\r\n\t\t\t\t\t<\/li>\r\n\t\t\t\t\t\t\t\t\t\t<li class=\"none nobackground \" >\r\n\r\n\t\t\t\t\t\t\t\t\t\t\t\t<a id=\"backforunical2357\" href=\"http:\/\/service.weibo.com\/share\/share.php?url=www.barbara-club.ch\/index.php?rest_route=%2Fwp%2Fv2%2Fpages%2F2357&appkey=&title=Reservationsanfrage&pic=&ralateUid=&\"  onclick=\"javascript:void window.open('http:\/\/service.weibo.com\/share\/share.php?url=www.barbara-club.ch\/index.php?rest_route=%2Fwp%2Fv2%2Fpages%2F2357&appkey=&title=Reservationsanfrage&pic=&ralateUid=&','1410949501326','width=700,height=500,toolbar=0,menubar=0,location=0,status=1,scrollbars=1,resizable=1,left=0,top=0');return false;\" style=\"background-position: -450px -120px \"><\/a>\r\n\t\t\t\t\t<\/li>\r\n\t\t\t\t\t\t\t\t\t\t<li class=\"none nobackground \" >\r\n\r\n\t\t\t\t\t\t\t\t\t\t\t\t<a id=\"backforunical2357\" href=\"http:\/\/widget.renren.com\/dialog\/share?resourceUrl=www.barbara-club.ch\/index.php?rest_route=%2Fwp%2Fv2%2Fpages%2F2357&srcUrl=www.barbara-club.ch\/index.php?rest_route=%2Fwp%2Fv2%2Fpages%2F2357&title=Reservationsanfrage\"  onclick=\"javascript:void window.open('http:\/\/widget.renren.com\/dialog\/share?resourceUrl=www.barbara-club.ch\/index.php?rest_route=%2Fwp%2Fv2%2Fpages%2F2357&srcUrl=www.barbara-club.ch\/index.php?rest_route=%2Fwp%2Fv2%2Fpages%2F2357&title=Reservationsanfrage','1410949501326','width=700,height=500,toolbar=0,menubar=0,location=0,status=1,scrollbars=1,resizable=1,left=0,top=0');return false;\" style=\"background-position: -480px -120px \"><\/a>\r\n\t\t\t\t\t<\/li>\r\n\t\t\t\t\t\t\t\t\t\t<li class=\"none nobackground \" >\r\n\r\n\t\t\t\t\t\t\t\t\t\t\t\t<a id=\"backforunical2357\" href=\"http:\/\/n4g.com\/tips?url=www.barbara-club.ch\/index.php?rest_route=%2Fwp%2Fv2%2Fpages%2F2357&title=Reservationsanfrage\"  onclick=\"javascript:void window.open('http:\/\/n4g.com\/tips?url=www.barbara-club.ch\/index.php?rest_route=%2Fwp%2Fv2%2Fpages%2F2357&title=Reservationsanfrage','1410949501326','width=700,height=500,toolbar=0,menubar=0,location=0,status=1,scrollbars=1,resizable=1,left=0,top=0');return false;\" style=\"background-position: -510px -120px \"><\/a>\r\n\t\t\t\t\t<\/li>\r\n\t\t\t\t\t\t\t\t<\/ul>\r\n\t\t\t<div class=\"clear\"><\/div>\r\n\t\t<\/div>\r\n\t\t","protected":false},"excerpt":{"rendered":"","protected":false},"author":1,"featured_media":0,"parent":0,"menu_order":0,"comment_status":"closed","ping_status":"closed","template":"","meta":{"ngg_post_thumbnail":0,"footnotes":""},"class_list":["post-2357","page","type-page","status-publish","hentry"],"_links":{"self":[{"href":"https:\/\/www.barbara-club.ch\/index.php?rest_route=\/wp\/v2\/pages\/2357","targetHints":{"allow":["GET"]}}],"collection":[{"href":"https:\/\/www.barbara-club.ch\/index.php?rest_route=\/wp\/v2\/pages"}],"about":[{"href":"https:\/\/www.barbara-club.ch\/index.php?rest_route=\/wp\/v2\/types\/page"}],"author":[{"embeddable":true,"href":"https:\/\/www.barbara-club.ch\/index.php?rest_route=\/wp\/v2\/users\/1"}],"replies":[{"embeddable":true,"href":"https:\/\/www.barbara-club.ch\/index.php?rest_route=%2Fwp%2Fv2%2Fcomments&post=2357"}],"version-history":[{"count":1,"href":"https:\/\/www.barbara-club.ch\/index.php?rest_route=\/wp\/v2\/pages\/2357\/revisions"}],"predecessor-version":[{"id":2358,"href":"https:\/\/www.barbara-club.ch\/index.php?rest_route=\/wp\/v2\/pages\/2357\/revisions\/2358"}],"wp:attachment":[{"href":"https:\/\/www.barbara-club.ch\/index.php?rest_route=%2Fwp%2Fv2%2Fmedia&parent=2357"}],"curies":[{"name":"wp","href":"https:\/\/api.w.org\/{rel}","templated":true}]}}